{"id":251,"date":"2025-09-04T09:33:42","date_gmt":"2025-09-04T07:33:42","guid":{"rendered":"https:\/\/seubert-fruechte.de\/?post_type=product&#038;p=251"},"modified":"2025-09-04T09:34:16","modified_gmt":"2025-09-04T07:34:16","slug":"staudensellerie-stueck","status":"publish","type":"product","link":"https:\/\/seubert-fruechte.de\/index.php\/produkt\/staudensellerie-stueck\/","title":{"rendered":"Staudensellerie St\u00fcck"},"content":{"rendered":"<p data-start=\"169\" data-end=\"611\">Unser knackiger <strong data-start=\"184\" data-end=\"203\">Staudensellerie<\/strong> \u00fcberzeugt durch seine hellgr\u00fcnen, saftigen Stangen und den angenehm w\u00fcrzigen Geschmack. Er ist ein echtes Multitalent in der K\u00fcche \u2013 ob als aromatische Grundlage f\u00fcr Suppen, Eint\u00f6pfe und Saucen, als Rohkost-Snack oder als frische Zutat in Salaten. Dank seiner Frische und gleichm\u00e4\u00dfigen Qualit\u00e4t ist Staudensellerie ideal f\u00fcr Gastronomie, Catering und den Weiterverkauf.<\/p>\n<p data-start=\"112\" data-end=\"290\"><strong>Hinweis zur Menge:<\/strong><\/p>\n<p data-start=\"112\" data-end=\"290\">Menge 1 entspricht einem St\u00fcck<\/p>\n","protected":false},"excerpt":{"rendered":"<p>Unser knackiger Staudensellerie \u00fcberzeugt durch seine hellgr\u00fcnen, saftigen Stangen und den angenehm w\u00fcrzigen Geschmack. Er ist ein echtes Multitalent in der K\u00fcche \u2013 ob als aromatische Grundlage f\u00fcr Suppen, Eint\u00f6pfe und Saucen, als Rohkost-Snack oder als frische Zutat in Salaten. Dank seiner Frische und gleichm\u00e4\u00dfigen Qualit\u00e4t ist Staudensellerie ideal f\u00fcr Gastronomie, Catering und den Weiterverkauf. [&hellip;]<\/p>\n","protected":false},"featured_media":252,"comment_status":"closed","ping_status":"closed","template":"","meta":[],"product_brand":[],"product_cat":[18],"product_tag":[],"class_list":{"0":"post-251","1":"product","2":"type-product","3":"status-publish","4":"has-post-thumbnail","6":"product_cat-gemuese","8":"first","9":"instock","10":"shipping-taxable","11":"purchasable","12":"product-type-simple"},"yoast_head":"<!-- This site is optimized with the Yoast SEO plugin v26.1.1 - https:\/\/yoast.com\/wordpress\/plugins\/seo\/ -->\n<title>Staudensellerie St\u00fcck - Seubert Fr\u00fcchte<\/title>\n<meta name=\"robots\" content=\"index, follow, max-snippet:-1, max-image-preview:large, max-video-preview:-1\" \/>\n<link rel=\"canonical\" href=\"https:\/\/seubert-fruechte.de\/index.php\/produkt\/staudensellerie-stueck\/\" \/>\n<meta property=\"og:locale\" content=\"de_DE\" \/>\n<meta property=\"og:type\" content=\"article\" \/>\n<meta property=\"og:title\" content=\"Staudensellerie St\u00fcck - Seubert Fr\u00fcchte\" \/>\n<meta property=\"og:description\" content=\"Unser knackiger Staudensellerie \u00fcberzeugt durch seine hellgr\u00fcnen, saftigen Stangen und den angenehm w\u00fcrzigen Geschmack. Er ist ein echtes Multitalent in der K\u00fcche \u2013 ob als aromatische Grundlage f\u00fcr Suppen, Eint\u00f6pfe und Saucen, als Rohkost-Snack oder als frische Zutat in Salaten. Dank seiner Frische und gleichm\u00e4\u00dfigen Qualit\u00e4t ist Staudensellerie ideal f\u00fcr Gastronomie, Catering und den Weiterverkauf. [&hellip;]\" \/>\n<meta property=\"og:url\" content=\"https:\/\/seubert-fruechte.de\/index.php\/produkt\/staudensellerie-stueck\/\" \/>\n<meta property=\"og:site_name\" content=\"Seubert Fr\u00fcchte\" \/>\n<meta property=\"article:modified_time\" content=\"2025-09-04T07:34:16+00:00\" \/>\n<meta property=\"og:image\" content=\"https:\/\/seubert-fruechte.de\/wp-content\/uploads\/2025\/09\/Staudensellerie.jpg\" \/>\n\t<meta property=\"og:image:width\" content=\"1280\" \/>\n\t<meta property=\"og:image:height\" content=\"933\" \/>\n\t<meta property=\"og:image:type\" content=\"image\/jpeg\" \/>\n<meta name=\"twitter:card\" content=\"summary_large_image\" \/>\n<meta name=\"twitter:label1\" content=\"Gesch\u00e4tzte Lesezeit\" \/>\n\t<meta name=\"twitter:data1\" content=\"1\u00a0Minute\" \/>\n<script type=\"application\/ld+json\" class=\"yoast-schema-graph\">{\"@context\":\"https:\/\/schema.org\",\"@graph\":[{\"@type\":\"WebPage\",\"@id\":\"https:\/\/seubert-fruechte.de\/index.php\/produkt\/staudensellerie-stueck\/\",\"url\":\"https:\/\/seubert-fruechte.de\/index.php\/produkt\/staudensellerie-stueck\/\",\"name\":\"Staudensellerie St\u00fcck - Seubert Fr\u00fcchte\",\"isPartOf\":{\"@id\":\"https:\/\/seubert-fruechte.de\/#website\"},\"primaryImageOfPage\":{\"@id\":\"https:\/\/seubert-fruechte.de\/index.php\/produkt\/staudensellerie-stueck\/#primaryimage\"},\"image\":{\"@id\":\"https:\/\/seubert-fruechte.de\/index.php\/produkt\/staudensellerie-stueck\/#primaryimage\"},\"thumbnailUrl\":\"https:\/\/seubert-fruechte.de\/wp-content\/uploads\/2025\/09\/Staudensellerie.jpg\",\"datePublished\":\"2025-09-04T07:33:42+00:00\",\"dateModified\":\"2025-09-04T07:34:16+00:00\",\"breadcrumb\":{\"@id\":\"https:\/\/seubert-fruechte.de\/index.php\/produkt\/staudensellerie-stueck\/#breadcrumb\"},\"inLanguage\":\"de\",\"potentialAction\":[{\"@type\":\"ReadAction\",\"target\":[\"https:\/\/seubert-fruechte.de\/index.php\/produkt\/staudensellerie-stueck\/\"]}]},{\"@type\":\"ImageObject\",\"inLanguage\":\"de\",\"@id\":\"https:\/\/seubert-fruechte.de\/index.php\/produkt\/staudensellerie-stueck\/#primaryimage\",\"url\":\"https:\/\/seubert-fruechte.de\/wp-content\/uploads\/2025\/09\/Staudensellerie.jpg\",\"contentUrl\":\"https:\/\/seubert-fruechte.de\/wp-content\/uploads\/2025\/09\/Staudensellerie.jpg\",\"width\":1280,\"height\":933},{\"@type\":\"BreadcrumbList\",\"@id\":\"https:\/\/seubert-fruechte.de\/index.php\/produkt\/staudensellerie-stueck\/#breadcrumb\",\"itemListElement\":[{\"@type\":\"ListItem\",\"position\":1,\"name\":\"Startseite\",\"item\":\"https:\/\/seubert-fruechte.de\/\"},{\"@type\":\"ListItem\",\"position\":2,\"name\":\"Shop\",\"item\":\"https:\/\/seubert-fruechte.de\/index.php\/shop\/\"},{\"@type\":\"ListItem\",\"position\":3,\"name\":\"Staudensellerie St\u00fcck\"}]},{\"@type\":\"WebSite\",\"@id\":\"https:\/\/seubert-fruechte.de\/#website\",\"url\":\"https:\/\/seubert-fruechte.de\/\",\"name\":\"Seubert Fr\u00fcchte\",\"description\":\"\",\"potentialAction\":[{\"@type\":\"SearchAction\",\"target\":{\"@type\":\"EntryPoint\",\"urlTemplate\":\"https:\/\/seubert-fruechte.de\/?s={search_term_string}\"},\"query-input\":{\"@type\":\"PropertyValueSpecification\",\"valueRequired\":true,\"valueName\":\"search_term_string\"}}],\"inLanguage\":\"de\"}]}<\/script>\n<!-- \/ Yoast SEO plugin. -->","yoast_head_json":{"title":"Staudensellerie St\u00fcck - Seubert Fr\u00fcchte","robots":{"index":"index","follow":"follow","max-snippet":"max-snippet:-1","max-image-preview":"max-image-preview:large","max-video-preview":"max-video-preview:-1"},"canonical":"https:\/\/seubert-fruechte.de\/index.php\/produkt\/staudensellerie-stueck\/","og_locale":"de_DE","og_type":"article","og_title":"Staudensellerie St\u00fcck - Seubert Fr\u00fcchte","og_description":"Unser knackiger Staudensellerie \u00fcberzeugt durch seine hellgr\u00fcnen, saftigen Stangen und den angenehm w\u00fcrzigen Geschmack. Er ist ein echtes Multitalent in der K\u00fcche \u2013 ob als aromatische Grundlage f\u00fcr Suppen, Eint\u00f6pfe und Saucen, als Rohkost-Snack oder als frische Zutat in Salaten. Dank seiner Frische und gleichm\u00e4\u00dfigen Qualit\u00e4t ist Staudensellerie ideal f\u00fcr Gastronomie, Catering und den Weiterverkauf. [&hellip;]","og_url":"https:\/\/seubert-fruechte.de\/index.php\/produkt\/staudensellerie-stueck\/","og_site_name":"Seubert Fr\u00fcchte","article_modified_time":"2025-09-04T07:34:16+00:00","og_image":[{"width":1280,"height":933,"url":"https:\/\/seubert-fruechte.de\/wp-content\/uploads\/2025\/09\/Staudensellerie.jpg","type":"image\/jpeg"}],"twitter_card":"summary_large_image","twitter_misc":{"Gesch\u00e4tzte Lesezeit":"1\u00a0Minute"},"schema":{"@context":"https:\/\/schema.org","@graph":[{"@type":"WebPage","@id":"https:\/\/seubert-fruechte.de\/index.php\/produkt\/staudensellerie-stueck\/","url":"https:\/\/seubert-fruechte.de\/index.php\/produkt\/staudensellerie-stueck\/","name":"Staudensellerie St\u00fcck - Seubert Fr\u00fcchte","isPartOf":{"@id":"https:\/\/seubert-fruechte.de\/#website"},"primaryImageOfPage":{"@id":"https:\/\/seubert-fruechte.de\/index.php\/produkt\/staudensellerie-stueck\/#primaryimage"},"image":{"@id":"https:\/\/seubert-fruechte.de\/index.php\/produkt\/staudensellerie-stueck\/#primaryimage"},"thumbnailUrl":"https:\/\/seubert-fruechte.de\/wp-content\/uploads\/2025\/09\/Staudensellerie.jpg","datePublished":"2025-09-04T07:33:42+00:00","dateModified":"2025-09-04T07:34:16+00:00","breadcrumb":{"@id":"https:\/\/seubert-fruechte.de\/index.php\/produkt\/staudensellerie-stueck\/#breadcrumb"},"inLanguage":"de","potentialAction":[{"@type":"ReadAction","target":["https:\/\/seubert-fruechte.de\/index.php\/produkt\/staudensellerie-stueck\/"]}]},{"@type":"ImageObject","inLanguage":"de","@id":"https:\/\/seubert-fruechte.de\/index.php\/produkt\/staudensellerie-stueck\/#primaryimage","url":"https:\/\/seubert-fruechte.de\/wp-content\/uploads\/2025\/09\/Staudensellerie.jpg","contentUrl":"https:\/\/seubert-fruechte.de\/wp-content\/uploads\/2025\/09\/Staudensellerie.jpg","width":1280,"height":933},{"@type":"BreadcrumbList","@id":"https:\/\/seubert-fruechte.de\/index.php\/produkt\/staudensellerie-stueck\/#breadcrumb","itemListElement":[{"@type":"ListItem","position":1,"name":"Startseite","item":"https:\/\/seubert-fruechte.de\/"},{"@type":"ListItem","position":2,"name":"Shop","item":"https:\/\/seubert-fruechte.de\/index.php\/shop\/"},{"@type":"ListItem","position":3,"name":"Staudensellerie St\u00fcck"}]},{"@type":"WebSite","@id":"https:\/\/seubert-fruechte.de\/#website","url":"https:\/\/seubert-fruechte.de\/","name":"Seubert Fr\u00fcchte","description":"","potentialAction":[{"@type":"SearchAction","target":{"@type":"EntryPoint","urlTemplate":"https:\/\/seubert-fruechte.de\/?s={search_term_string}"},"query-input":{"@type":"PropertyValueSpecification","valueRequired":true,"valueName":"search_term_string"}}],"inLanguage":"de"}]}},"_links":{"self":[{"href":"https:\/\/seubert-fruechte.de\/index.php\/wp-json\/wp\/v2\/product\/251","targetHints":{"allow":["GET"]}}],"collection":[{"href":"https:\/\/seubert-fruechte.de\/index.php\/wp-json\/wp\/v2\/product"}],"about":[{"href":"https:\/\/seubert-fruechte.de\/index.php\/wp-json\/wp\/v2\/types\/product"}],"replies":[{"embeddable":true,"href":"https:\/\/seubert-fruechte.de\/index.php\/wp-json\/wp\/v2\/comments?post=251"}],"wp:featuredmedia":[{"embeddable":true,"href":"https:\/\/seubert-fruechte.de\/index.php\/wp-json\/wp\/v2\/media\/252"}],"wp:attachment":[{"href":"https:\/\/seubert-fruechte.de\/index.php\/wp-json\/wp\/v2\/media?parent=251"}],"wp:term":[{"taxonomy":"product_brand","embeddable":true,"href":"https:\/\/seubert-fruechte.de\/index.php\/wp-json\/wp\/v2\/product_brand?post=251"},{"taxonomy":"product_cat","embeddable":true,"href":"https:\/\/seubert-fruechte.de\/index.php\/wp-json\/wp\/v2\/product_cat?post=251"},{"taxonomy":"product_tag","embeddable":true,"href":"https:\/\/seubert-fruechte.de\/index.php\/wp-json\/wp\/v2\/product_tag?post=251"}],"curies":[{"name":"wp","href":"https:\/\/api.w.org\/{rel}","templated":true}]}}